{"id":915,"date":"2020-02-01T20:25:54","date_gmt":"2020-02-01T19:25:54","guid":{"rendered":"https:\/\/2020.valladolid.wordcamp.org\/?post_type=wcb_organizer&#038;p=915"},"modified":"2020-03-02T17:40:30","modified_gmt":"2020-03-02T16:40:30","slug":"julio-de-la-iglesia","status":"publish","type":"wcb_organizer","link":"https:\/\/valladolid.wordcamp.org\/2020\/organizer\/julio-de-la-iglesia\/","title":{"rendered":"Julio de la Iglesia"},"content":{"rendered":"\n<p class=\"wp-block-paragraph\">Socio en desaf\u00edo digital, empresa en la que nos dedicamos desde hace 15 a\u00f1os al desarrollo web con WordPress y a la formaci\u00f3n en v\u00eddeo digital para que los clientes sepan crear sus propios v\u00eddeos y generen contenidos para potenciar sus productos o servicios. <\/p>\n\n\n\n<p class=\"wp-block-paragraph\">Soy profesor de v\u00eddeo en la plataforma online&nbsp;<a href=\"http:\/\/boluda.com\">boluda.com<\/a>&nbsp;y fundador y coorganizador de la Meetup de WordPress Valladolid, en la que realizamos una meetup cada mes.<\/p>\n\n\n\n<p class=\"wp-block-paragraph\">Adem\u00e1s, junto con mi socio Fernando Portome\u00f1e, tenemos un podcast semanal llamado <em><a href=\"https:\/\/wpcommercefacil.com\" target=\"_blank\" rel=\"noreferrer noopener\" aria-label=\"WPCommerce f\u00e1cil (abre en una nueva pesta\u00f1a)\">WPCommerce f\u00e1cil<\/a><\/em>; y con Francesc Barbero y Augusto Castellano colaboro en otro podcast m\u00e1s, tambi\u00e9n semanal, llamado <em><a href=\"https:\/\/haciendovideos.com\" target=\"_blank\" rel=\"noreferrer noopener\" aria-label=\"Haciendo V\u00eddeos (abre en una nueva pesta\u00f1a)\">Haciendo V\u00eddeos<\/a><\/em> del que os pod\u00e9is suponer cu\u00e1l es la tem\u00e1tica \ud83d\ude09<\/p>\n","protected":false},"excerpt":{"rendered":"<p>Socio en desaf\u00edo digital, empresa en la que nos dedicamos desde hace 15 a\u00f1os al desarrollo web con WordPress y a la formaci\u00f3n en v\u00eddeo digital para que los clientes sepan crear sus propios v\u00eddeos y generen contenidos para potenciar sus productos o servicios. Soy profesor de v\u00eddeo en la plataforma online&nbsp;boluda.com&nbsp;y fundador y coorganizador [&hellip;]<\/p>\n","protected":false},"featured_media":0,"template":"","meta":{"_crdt_document":"","jetpack_post_was_ever_published":false,"_wcpt_user_name":"desafio","footnotes":""},"organizer_team":[],"class_list":["post-915","wcb_organizer","type-wcb_organizer","status-publish","hentry"],"jetpack_shortlink":"https:\/\/wp.me\/pbrJYO-eL","jetpack_sharing_enabled":true,"jetpack_likes_enabled":true,"avatar_urls":{"24":"https:\/\/secure.gravatar.com\/avatar\/8a78e9b2abe5d30d10fb508bcb6b0b3a30732d8331c2162bb830a9ac5dde53fa?s=24&d=mm&r=g","48":"https:\/\/secure.gravatar.com\/avatar\/8a78e9b2abe5d30d10fb508bcb6b0b3a30732d8331c2162bb830a9ac5dde53fa?s=48&d=mm&r=g","96":"https:\/\/secure.gravatar.com\/avatar\/8a78e9b2abe5d30d10fb508bcb6b0b3a30732d8331c2162bb830a9ac5dde53fa?s=96&d=mm&r=g","128":"https:\/\/secure.gravatar.com\/avatar\/8a78e9b2abe5d30d10fb508bcb6b0b3a30732d8331c2162bb830a9ac5dde53fa?s=128&d=mm&r=g","256":"https:\/\/secure.gravatar.com\/avatar\/8a78e9b2abe5d30d10fb508bcb6b0b3a30732d8331c2162bb830a9ac5dde53fa?s=256&d=mm&r=g","512":"https:\/\/secure.gravatar.com\/avatar\/8a78e9b2abe5d30d10fb508bcb6b0b3a30732d8331c2162bb830a9ac5dde53fa?s=512&d=mm&r=g"},"_links":{"self":[{"href":"https:\/\/valladolid.wordcamp.org\/2020\/wp-json\/wp\/v2\/organizers\/915","targetHints":{"allow":["GET"]}}],"collection":[{"href":"https:\/\/valladolid.wordcamp.org\/2020\/wp-json\/wp\/v2\/organizers"}],"about":[{"href":"https:\/\/valladolid.wordcamp.org\/2020\/wp-json\/wp\/v2\/types\/wcb_organizer"}],"version-history":[{"count":2,"href":"https:\/\/valladolid.wordcamp.org\/2020\/wp-json\/wp\/v2\/organizers\/915\/revisions"}],"predecessor-version":[{"id":1598,"href":"https:\/\/valladolid.wordcamp.org\/2020\/wp-json\/wp\/v2\/organizers\/915\/revisions\/1598"}],"wp:attachment":[{"href":"https:\/\/valladolid.wordcamp.org\/2020\/wp-json\/wp\/v2\/media?parent=915"}],"wp:term":[{"taxonomy":"wcb_organizer_team","embeddable":true,"href":"https:\/\/valladolid.wordcamp.org\/2020\/wp-json\/wp\/v2\/organizer_team?post=915"}],"curies":[{"name":"wp","href":"https:\/\/api.w.org\/{rel}","templated":true}]}}

<p class="wp-block-paragraph">Socio en desafío digital, empresa en la que nos dedicamos desde hace 15 años al desarrollo web con WordPress y a la formación en vídeo digital para que los clientes sepan crear sus propios vídeos y generen contenidos para potenciar sus productos o servicios. </p>



<p class="wp-block-paragraph">Soy profesor de vídeo en la plataforma online&nbsp;<a href="http://boluda.com">boluda.com</a>&nbsp;y fundador y coorganizador de la Meetup de WordPress Valladolid, en la que realizamos una meetup cada mes.</p>



<p class="wp-block-paragraph">Además, junto con mi socio Fernando Portomeñe, tenemos un podcast semanal llamado <em><a href="https://wpcommercefacil.com" target="_blank" rel="noreferrer noopener" aria-label="WPCommerce fácil (abre en una nueva pestaña)">WPCommerce fácil</a></em>; y con Francesc Barbero y Augusto Castellano colaboro en otro podcast más, también semanal, llamado <em><a href="https://haciendovideos.com" target="_blank" rel="noreferrer noopener" aria-label="Haciendo Vídeos (abre en una nueva pestaña)">Haciendo Vídeos</a></em> del que os podéis suponer cuál es la temática 😉</p>

<p>Socio en desafío digital, empresa en la que nos dedicamos desde hace 15 años al desarrollo web con WordPress y a la formación en vídeo digital para que los clientes sepan crear sus propios vídeos y generen contenidos para potenciar sus productos o servicios. Soy profesor de vídeo en la plataforma online&nbsp;boluda.com&nbsp;y fundador y coorganizador [&hellip;]</p>
